se 3, what is 12202 - 21?
12111
In base 8, what is -4 + -513?
-517
In base 14, what is -3 + -14?
-17
In base 14, what is 13 + 246?
259
In base 15, what is 40 - -25?
65
In base 3, what is 1110010 + -12?
1102221
In base 3, what is -210 + -1?
-211
In base 11, what is -9 - -1a7?
199
In base 5, what is 2 + 1140?
1142
In base 12, what is 15 + 5?
1a
In base 4, what is 11 - 1103203?
-1103132
In base 10, what is 5 + 98?
103
In base 11, what is -11 + 50?
3a
In base 5, what is -11 - -2142?
2131
In base 7, what is -24 - 13?
-40
In base 16, what is -d - -2ba?
2ad
In base 2, what is -1000000 + 101?
-111011
In base 6, what is -203 + -4?
-211
In base 16, what is -17 + -6?
-1d
In base 12, what is 18 - -3?
1b
In base 2, what is 10000001 - -110?
10000111
In base 10, what is -905 + 10?
-895
In base 3, what is 0 + 111010?
111010
In base 9, what is 5 - -34?
40
In base 11, what is 21 - 8?
14
In base 9, what is -11 - 471?
-482
In base 6, what is 15 - -5114?
5133
In base 11, what is -235 - 3?
-238
In base 5, what is 104 - 10?
44
In base 14, what is 194b + -2?
1949
In base 16, what is 3b - -2a?
65
In base 6, what is -30 - 22?
-52
In base 9, what is 2 + -27?
-25
In base 16, what is e + 128?
136
In base 12, what is 19 - -3?
20
In base 2, what is 110000101011 + 100?
110000101111
In base 7, what is -21 - 45?
-66
In base 13, what is 699 + -2?
697
In base 12, what is -2 - -3?
1
In base 8, what is -117 - -13?
-104
In base 13, what is 2 - 93?
-91
In base 3, what is -101 - -1010011?
1002210
In base 5, what is 141 + -32?
104
In base 9, what is -411 - -25?
-375
In base 3, what is 2 + 211202?
211211
In base 15, what is -1 - 17a?
-17b
In base 7, what is 6 + 1212?
1221
In base 6, what is -1 + 13?
12
In base 12, what is 280 - -a?
28a
In base 2, what is 1110 + -101010110?
-101001000
In base 4, what is 13 + -1321?
-1302
In base 2, what is 1010100 - 110?
1001110
In base 15, what is 4 + 82?
86
In base 7, what is 45 - 5?
40
In base 2, what is -101 - 1011010001?
-1011010110
In base 7, what is -416 + 4?
-412
In base 14, what is b2 - 3?
ad
In base 8, what is 2605 + 0?
2605
In base 8, what is 7 - -4?
13
In base 10, what is 9622 - -3?
9625
In base 2, what is 10 + 1011111?
1100001
In base 6, what is -514 - 22?
-540
In base 14, what is -269 + -38?
-2a3
In base 12, what is 630 - -1?
631
In base 16, what is 3 + -13?
-10
In base 4, what is 10 + -1333?
-1323
In base 2, what is -1100 + 110?
-110
In base 12, what is -26 - 117?
-141
In base 10, what is -1252 - 5?
-1257
In base 12, what is -16 - 1b?
-35
In base 14, what is -19 - 20?
-39
In base 10, what is 3624 + 3?
3627
In base 15, what is 13 + 8?
1b
In base 2, what is 101011 - 1?
101010
In base 16, what is -21b + 16?
-205
In base 3, what is 120202 + -10?
120122
In base 13, what is 3c9a - -3?
3ca0
In base 10, what is -1262 - -10?
-1252
In base 12, what is -4 - 138a?
-1392
In base 15, what is 22d + 2?
230
In base 11, what is -12 - -2?
-10
In base 5, what is 13 - 40?
-22
In base 3, what is -101010 - 200?
-101210
In base 2, what is 10100111 + 1011100?
100000011
In base 6, what is 4 + 105?
113
In base 15, what is 1 - 1546?
-1545
In base 3, what is -112102 - 2?
-112111
In base 8, what is 0 - 100?
-100
In base 15, what is 3 + -105?
-102
In base 3, what is 1102101 + 20?
1102121
In base 15, what is 34d8 + 4?
34dc
In base 10, what is 57 + -4?
53
In base 6, what is 0 + -332?
-332
In base 9, what is 550 - 7?
542
In base 14, what is 17 + -2?
15
In base 8, what is -403 - -2?
-401
In base 3, what is -11022 - 20?
-11112
In base 6, what is -2 - 1031?
-1033
In base 3, what is -222111 + -11?
-222122
In base 16, what is 20 + 5?
25
In base 8, what is 104 + -212?
-106
In base 5, what is -32341 - 4?
-32400
In base 6, what is -4 + 145?
141
In base 12, what is 53 + 4?
57
In base 9, what is 1 - 37?
-36
In base 4, what is 103232 + -3?
103223
In base 16, what is 3 + -e5?
-e2
In base 8, what is -233 + -3?
-236
In base 6, what is 4 - 115?
-111
In base 12, what is -3 + 61?
5a
In base 14, what is 6 + 3b?
43
In base 4, what is -13 + 10?
-3
In base 7, what is 3 + -6?
-3
In base 12, what is 9 - 50?
-43
In base 4, what is -12211 - 12?
-12223
In base 14, what is 1cd - 4?
1c9
In base 8, what is 5 + -40?
-33
In base 13, what is -32 - -2?
-30
In base 9, what is 76 + -82?
-5
In base 10, what is -104 - 26?
-130
In base 7, what is -451 + -5?
-456
In base 13, what is 13 - -3?
16
In base 6, what is 20 - -553?
1013
In base 5, what is -2 + 241?
234
In base 12, what is -12 + -2?
-14
In base 8, what is -2 + -61?
-63
In base 13, what is a3 + -12?
91
In base 12, what is 94 + 4?
98
In base 3, what is -120021 - -1?
-120020
In base 6, what is -3 - 1320?
-1323
In base 7, what is 26334 - 3?
26331
In base 16, what is -f3f - -5?
-f3a
In base 11, what is -5 + -533?
-538
In base 11, what is -14 + -87?
-a0
In base 5, what is -1 - 101?
-102
In base 6, what is -2 - 12504?
-12510
In base 2, what is -110 + -10001001?
-10001111
In base 9, what is 361 - 7?
353
In base 6, what is -2 + 45?
43
In base 7, what is -4 + 5024?
5020
In base 2, what is 1 - 1000011100?
-1000011011
In base 3, what is 1101 - -1211?
10012
In base 10, what is -70 + -7?
-77
In base 9, what is -448 + 6?
-442
In base 8, what is -6 + -135?
-143
In base 11, what is 2 + aa?
101
In base 6, what is 4 - 211?
-203
In base 12, what is 8 - 63?
-57
In base 11, what is a5 + 24?
119
In base 8, what is -11 - 101?
-112
In base 7, what is 5 + 56?
64
In base 14, what is 126 + -c?
118
In base 6, what is -203 + -2?
-205
In base 11, what is -83 - -2?
-81
In base 5, what is -41113 - -10?
-41103
In base 15, what is 1965 - -3?
1968
In base 6, what is 21441 + 4?
21445
In base 9, what is 212 + 1?
213
In base 16, what is -9 + 58?
4f
In base 6, what is -1045 - -3?
-1042
In base 16, what is 3 - 4f?
-4c
In base 8, what is -761 + 4?
-755
In base 8, what is -22671 - 1?
-22672
In base 10, what is -11 + -2?
-13
In base 6, what is 154 + 242?
440
In base 5, what is -1442 + 32?
-1410
In base 12, what is -391 + -23?
-3b4
In base 7, what is -4 - -155?
151
In base 3, what is 1221 + 1101?
10022
In base 10, what is -1 - 299?
-300
In base 15, what is -2de3 + -1?
-2de4
In base 13, what is 0 + 287?
287
In base 5, what is 0 + -13?
-13
In base 3, what is 12 - 1200022?
-1200010
In base 4, what is -100033 - -3?
-100030
In base 15, what is 3 + -30c?
-309
In base 3, what is -11110 - 10?
-11120
In base 2, what is -11000111100100 - -11?
-11000111100001
In base 4, what is 1313 + -113?
1200
In base 14, what is -3 + 56?
53
In base 14, what is 31c - 1?
31b
In base 11, what is 1 + 17?
18
In base 5, what is -21 + -323?
-344
In base 5, what is 200304 + -3?
200301
In base 6, what is -2 - -24453?
24451
In base 12, what is -a - 1?
-b
In base 7, what is -1 + -655?
-656
In base 4, what is -10 - 20110?
-20120
In base 6, what is 213 - -1?
214
In base 13, what is 12 - -594?
5a6
In base 10, what is 156 + 2?
158
In base 8, what is 3 + -13?
-10
In base 10, what is -37 + 1?
-36
In base 3, what is 10212 - 2201?
1011
In base 12, what is -4 + -2ab?
-2b3
In base 6, what is -131 - 1?
-132
In base 6, what is -12 - 2034?
-2050
In base 12, what is 28 + 7?
33
In base 4, what is -2 + -11332?
-12000
In base 11, what is 19 - -1?
1a
In base 8, what is 164 + 11?
175
In base 2, what is 1110101100011 - -101?
1110101101000
In base 15, what is -2 + 5?
3
In base 6, what is 3224 - 1?
3223
In base 15, what is 7d1 - -3?
7d4
In base 16, what is 3 + 143?
146
In base 2, what is 10 + 10110110?
10111000
In base 11, what is 1 - 5421?
-5420
In base 14, what is 1 - -34a?
34b
In base 16, what is 5 + a5?
aa
In base 13, what is 17 + 45a?
474
In base 10, what is 0 + -1156?
-1156
In base 6, what is -153 + -35?
-232
In base 9, what is 5 + -33?
-27
In base 10, what is -181 + -5?
-186
In base 9, what is 2 + 40?
42
In base 2, what is 1 - 100101?
-100100
In base 12, what is 4b - 47?
4
In base 15, what is 3a - -7?
42
In base 13, what is c - -3?
12
In base 16, what is -12 + -9?
-1b
In base 6, what is -3 + 54?
51
In base 13, what is 4 - 42?
-3b
In base 10, what is -748 - 2?
-750
In base 7, what is 1000 - -5?
1005
In base 3, what is -1102220 + 100?
-1102120
In base 16, what is -a - f?
-19
In base 11, what is 6 + 619?
624
In base 16, what is 1 - d4?
-d3
In base 13, what is 1 - -213?
214
In base 11, what is -1a5 - 11?
-206
In base 15, what is -a47 - 1?
-a48
I